base 5) to base 3
1122
Convert -11 (base 5) to base 11.
-6
Convert -68 (base 10) to base 12.
-58
Convert 3 (base 7) to base 6.
3
What is 42 (base 7) in base 11?
28
What is -10220 (base 3) in base 7?
-210
What is -2 (base 5) in base 6?
-2
0 (base 7) to base 15
0
-10001 (base 2) to base 3
-122
Convert -11320 (base 4) to base 7.
-1045
Convert -220 (base 5) to base 8.
-74
What is -5 (base 14) in base 11?
-5
Convert -26 (base 11) to base 14.
-20
What is -7 (base 8) in base 12?
-7
What is 1 (base 5) in base 10?
1
Convert 10 (base 2) to base 13.
2
Convert -35 (base 9) to base 4.
-200
Convert -296 (base 10) to base 5.
-2141
What is 2 (base 8) in base 11?
2
5 (base 6) to base 12
5
-1 (base 8) to base 6
-1
Convert -12 (base 7) to base 8.
-11
Convert -5 (base 8) to base 10.
-5
Convert 1230 (base 6) to base 10.
306
What is -31 (base 7) in base 16?
-16
What is -17 (base 11) in base 10?
-18
Convert -24 (base 13) to base 14.
-22
-1323 (base 5) to base 16
-d5
Convert 60 (base 10) to base 13.
48
-66 (base 14) to base 11
-82
Convert 90 (base 13) to base 14.
85
What is 111 (base 3) in base 4?
31
Convert -2 (base 13) to base 12.
-2
What is -2 (base 7) in base 9?
-2
-12 (base 15) to base 16
-11
Convert -10100 (base 2) to base 15.
-15
What is -7 (base 9) in base 15?
-7
Convert -10010 (base 2) to base 13.
-15
Convert -6 (base 11) to base 13.
-6
Convert -6 (base 9) to base 7.
-6
What is 110 (base 3) in base 6?
20
Convert 1b (base 13) to base 10.
24
101 (base 2) to base 11
5
What is 1 (base 11) in base 6?
1
-1 (base 13) to base 10
-1
What is 10022 (base 3) in base 10?
89
What is -100 (base 2) in base 15?
-4
What is 10 (base 3) in base 7?
3
What is 404 (base 5) in base 14?
76
What is 1213 (base 5) in base 14?
d1
Convert -6 (base 8) to base 11.
-6
What is 100111 (base 2) in base 8?
47
-22 (base 9) to base 12
-18
What is 433 (base 5) in base 12?
9a
What is -a (base 16) in base 12?
-a
-4 (base 13) to base 7
-4
369 (base 10) to base 3
111200
Convert 302 (base 5) to base 12.
65
Convert 1 (base 4) to base 10.
1
What is 7 (base 16) in base 7?
10
Convert 69 (base 10) to base 13.
54
3 (base 16) to base 11
3
Convert -4 (base 7) to base 4.
-10
-2111 (base 4) to base 7
-302
What is -8e (base 15) in base 13?
-a4
Convert 18 (base 12) to base 7.
26
17 (base 13) to base 9
22
Convert -161 (base 7) to base 11.
-84
What is 0 (base 4) in base 2?
0
-11 (base 2) to base 16
-3
What is 5e (base 16) in base 15?
64
What is -4 (base 7) in base 8?
-4
-2 (base 11) to base 5
-2
What is -2 (base 10) in base 6?
-2
120 (base 4) to base 16
18
Convert 20 (base 4) to base 6.
12
What is -22 (base 8) in base 10?
-18
What is 8 (base 10) in base 15?
8
-1111 (base 2) to base 8
-17
Convert 1e (base 15) to base 16.
1d
What is -c4 (base 16) in base 11?
-169
Convert -47 (base 8) to base 13.
-30
-11b (base 16) to base 2
-100011011
Convert 211 (base 4) to base 8.
45
What is 11 (base 12) in base 13?
10
1 (base 6) to base 3
1
Convert -454 (base 6) to base 5.
-1203
Convert 10 (base 5) to base 10.
5
-1 (base 13) to base 11
-1
-2 (base 5) to base 8
-2
-3 (base 5) to base 6
-3
4 (base 9) to base 8
4
-120 (base 11) to base 2
-10001111
45 (base 11) to base 2
110001
What is -73 (base 10) in base 8?
-111
11 (base 2) to base 9
3
Convert 1 (base 11) to base 5.
1
What is 29 (base 11) in base 16?
1f
Convert -87 (base 9) to base 8.
-117
What is 0 (base 7) in base 6?
0
Convert -6 (base 8) to base 14.
-6
Convert -7 (base 14) to base 2.
-111
-85 (base 14) to base 12
-99
-4c (base 15) to base 10
-72
-100001110 (base 2) to base 13
-17a
Convert -122 (base 3) to base 6.
-25
What is 11 (base 5) in base 13?
6
What is 8a (base 11) in base 10?
98
What is -3 (base 16) in base 14?
-3
-5 (base 11) to base 6
-5
What is -10 (base 14) in base 9?
-15
What is 20 (base 3) in base 14?
6
-13 (base 12) to base 10
-15
What is -81 (base 10) in base 2?
-1010001
What is -10 (base 10) in base 9?
-11
What is -5 (base 8) in base 4?
-11
145 (base 7) to base 2
1010010
What is -84 (base 13) in base 14?
-7a
161 (base 7) to base 11
84
Convert -20 (base 5) to base 9.
-11
What is 2 (base 12) in base 11?
2
What is 2 (base 13) in base 9?
2
Convert 20 (base 7) to base 2.
1110
2 (base 7) to base 8
2
What is 7 (base 8) in base 10?
7
-e (base 16) to base 11
-13
Convert -32 (base 16) to base 3.
-1212
Convert -2 (base 5) to base 8.
-2
Convert 12 (base 15) to base 6.
25
Convert -10 (base 4) to base 9.
-4
What is -22 (base 11) in base 15?
-19
-2 (base 12) to base 7
-2
-44 (base 8) to base 15
-26
What is -12 (base 8) in base 15?
-a
Convert 13 (base 9) to base 16.
c
What is -37 (base 14) in base 15?
-34
Convert 5 (base 12) to base 13.
5
Convert 335 (base 6) to base 13.
a1
Convert 3 (base 11) to base 2.
11
Convert 8 (base 9) to base 16.
8
What is 10 (base 12) in base 10?
12
Convert b (base 14) to base 15.
b
What is -21 (base 6) in base 16?
-d
What is 22 (base 10) in base 2?
10110
What is 4 (base 10) in base 3?
11
-1001010 (base 2) to base 14
-54
What is -1 (base 15) in base 5?
-1
8 (base 11) to base 3
22
7 (base 9) to base 12
7
What is -2000 (base 3) in base 8?
-66
Convert -11 (base 14) to base 5.
-30
153 (base 13) to base 4
3231
1242 (base 5) to base 6
525
What is -105 (base 6) in base 4?
-221
What is -2 (base 9) in base 13?
-2
Convert 0 (base 7) to base 5.
0
33 (base 10) to base 4
201
Convert 3 (base 8) to base 16.
3
1022 (base 3) to base 2
100011
-15 (base 6) to base 12
-b
What is 6b (base 16) in base 6?
255
What is -1 (base 3) in base 15?
-1
Convert -1 (base 11) to base 13.
-1
Convert -12 (base 5) to base 8.
-7
Convert 6 (base 8) to base 13.
6
-32 (base 4) to base 5
-24
-1a (base 13) to base 8
-27
What is 3 (base 11) in base 9?
3
Convert 1202 (base 3) to base 14.
35
What is 99 (base 13) in base 16?
7e
What is 110100 (base 2) in base 9?
57
12 (base 3) to base 14
5
What is -111 (base 5) in base 13?
-25
What is 29 (base 11) in base 13?
25
Convert 21 (base 7) to base 6.
23
What is 24 (base 7) in base 10?
18
19 (base 10) to base 12
17
Convert -2 (base 16) to base 6.
-2
-1121 (base 3) to base 13
-34
1210 (base 3) to base 7
66
Convert 0 (base 6) to base 12.
0
Convert -2 (base 10) to base 2.
-10
-42 (base 10) to base 15
-2c
0 (base 14) to base 4
0
-6 (base 9) to base 12
-6
59 (base 14) to base 5
304
What is -1 (base 2) in base 10?
-1
2 (base 3) to base 2
10
-44 (base 16) to base 13
-53
29 (base 15) to base 16
27
Convert -39 (base 11) to base 8.
-52
3 (base 7) to base 5
3
-208 (base 13) to base 15
-181
What is 17 (base 12) in base 2?
10011
-12 (base 12) to base 13
-11
Convert -1 (base 4) to base 14.
-1
What is -10 (base 7) in base 2?
-111
Convert -512 (base 9) to base 14.
-21a
Convert 1000 (base 2) to base 8.
10
10313 (base 4) to base 12
21b
What is -6 (base 12) in base 7?
-6
What is b (base 16) in base 15?
b
-9 (base 15) to base 9
-10
100 (base 2) to base 8
4
-10 (base 2) to base 8
-2
What is -1a (base 16) in base 4?
-122
What is -11 (base 13) in base 8?
-16
Convert -1120 (base 3) to base 10.
-42
Convert 2 (base 11) to base 5.
2
What is 10 (base 14) in base 9?
15
11011111 (base 2) to base 7
436
Convert 2 (base 15) to base 7.
2
What is -22 (base 3) in base 9?
-8
-a (base 11) to base 10
-10
What is -9 (base 16) in base 7?
-12
-2 (base 5) to base 16
-2
1 (base 14) to base 16
1
127 (base 9) to base 12
8a
What is -242 (base 6) in base 5?
-343
Convert 62 (base 10) to base 8.
76
Convert 76 (base 10) to base 3.
2211
Convert 2222 (base 3) to base 10.
80
What is 101 (base 3) in base 15?
a
3 (base 5) to base 11
3
What is -12 (base 8) in base 14?
-a
What is 49 (base 15) in base 14?
4d
-41 (base 5) to base 8
-25
What is -12 (base 13) in base 8?
-17
What is -101100 (base 2) in base 5?
-134
Convert -11 (base 2) to base 9.
-3
What is 118 (base 10) in base 9?
141
Convert -2 (base 11) to base 6.
-2
2 (base 5) to base 10
2
-15 (base 11) to base 14
-12
Convert 7 (base 11) to base 4.
13
-54 (base 6) to base 13
-28
What is 5 (base 8) in base 9?
5
What is 21 (base 4) in base 15?
9
Convert -100 (base 3) to base 15.
-9
What is 13 (base 6) in base 11?
9
Convert 21 (base 3) to base 6.
11
7 (base 14) to base 3
21
What is -2 (base 16) in base 15?
-2
Convert 120 (base 8) to base 7.
143
What is -1011 (base 3) in base 16?
-1f
0 (base 4) to base 7
0
What is -111 (base 2) in base 10?
-7
3 (base 4) to base 15
3
